7 composite?
False
Is 61433 composite?
True
Is 121377 composite?
True
Is 526117 prime?
True
Is 4201 a prime number?
True
Is 2289413 composite?
True
Is 10167 composite?
True
Is 9263 a prime number?
False
Is 303869 a composite number?
True
Is 9491 a composite number?
False
Is 207929 a composite number?
True
Is 124489 composite?
False
Is 790781 composite?
False
Is 59159 composite?
False
Is 748361 a prime number?
True
Is 21553 prime?
False
Is 18229 a prime number?
True
Is 946409 prime?
False
Is 32099 a composite number?
False
Is 29459 composite?
True
Is 8219 prime?
True
Is 989 prime?
False
Is 111 prime?
False
Is 58547 composite?
True
Is 24329 prime?
True
Is 11657 prime?
True
Is 91121 prime?
True
Is 55711 composite?
False
Is 25937 prime?
False
Is 35863 a composite number?
False
Is 269 a prime number?
True
Is 1282069 prime?
True
Is 113303 a composite number?
True
Is 9551 prime?
True
Is 23663 a composite number?
False
Is 39953 a composite number?
False
Is 84481 prime?
True
Is 341 a prime number?
False
Is 6007 prime?
True
Is 16127 a prime number?
True
Is 88915 a composite number?
True
Is 2539 a composite number?
False
Is 740227 composite?
False
Is 44003 composite?
True
Is 168599 prime?
True
Is 353774 a prime number?
False
Is 1306541 prime?
True
Is 61895 composite?
True
Is 278177 prime?
True
Is 44617 prime?
True
Is 3353 composite?
True
Is 42941 prime?
False
Is 85385 prime?
False
Is 105539 composite?
True
Is 1973 composite?
False
Is 2293 composite?
False
Is 7451 composite?
False
Is 193937 composite?
False
Is 252253 composite?
False
Is 3847 a prime number?
True
Is 116987 prime?
False
Is 67601 a composite number?
False
Is 21427 a prime number?
False
Is 1368013 composite?
False
Is 13291 a composite number?
False
Is 12451 a prime number?
True
Is 25031 composite?
False
Is 3221 a composite number?
False
Is 6779 a prime number?
True
Is 6050933 composite?
True
Is 85817 prime?
True
Is 2939 a prime number?
True
Is 5437 composite?
False
Is 42797 a prime number?
True
Is 2503 a prime number?
True
Is 4159 a composite number?
False
Is 4751 composite?
False
Is 15907 a composite number?
False
Is 37139 composite?
False
Is 17467 a prime number?
True
Is 102359 prime?
True
Is 275083 a composite number?
False
Is 81183 prime?
False
Is 1370669 prime?
True
Is 6907 composite?
False
Is 87611 composite?
True
Is 245239 prime?
False
Is 1078643 a prime number?
True
Is 4201 a prime number?
True
Is 17821 a composite number?
True
Is 39341 composite?
False
Is 150697 a prime number?
True
Is 263249 a composite number?
True
Is 1511 prime?
True
Is 35671 a prime number?
True
Is 793301 prime?
True
Is 107621 composite?
False
Is 182911 a composite number?
True
Is 16291 prime?
False
Is 24799 a composite number?
False
Is 1141319 composite?
False
Is 450797 a prime number?
True
Is 3631 a composite number?
False
Is 145 a prime number?
False
Is 85001 prime?
False
Is 85991 prime?
True
Is 6997 a composite number?
False
Is 2417 a composite number?
False
Is 1147 composite?
True
Is 231509 a composite number?
True
Is 70691 prime?
False
Is 67453 prime?
True
Is 297421 a prime number?
True
Is 268043 a prime number?
True
Is 4751 composite?
False
Is 116431 a composite number?
True
Is 1821 composite?
True
Is 3199 a composite number?
True
Is 1915 a prime number?
False
Is 658351 a prime number?
True
Is 127103 a composite number?
False
Is 71941 a prime number?
True
Is 3839633 prime?
False
Is 878777 a prime number?
True
Is 371417 composite?
False
Is 36523 prime?
True
Is 935945 a prime number?
False
Is 1768397 composite?
True
Is 53513 composite?
True
Is 953 prime?
True
Is 49969 a composite number?
True
Is 79487 a prime number?
False
Is 124006 a prime number?
False
Is 2841 composite?
True
Is 56969 a prime number?
False
Is 613807 a composite number?
False
Is 29399 prime?
True
Is 115069 a composite number?
True
Is 174235 prime?
False
Is 514663 a prime number?
False
Is 2267609 a prime number?
False
Is 6805 composite?
True
Is 536189 a composite number?
False
Is 6679 a composite number?
False
Is 25301 prime?
True
Is 84619 a composite number?
True
Is 3280363 composite?
False
Is 568577 composite?
False
Is 83933 a prime number?
True
Is 14107 a prime number?
True
Is 44101 prime?
True
Is 86459 prime?
False
Is 82321 prime?
False
Is 4019 a prime number?
True
Is 1901 composite?
False
Is 347 prime?
True
Is 1204039 prime?
False
Is 97259 a composite number?
False
Is 511597 a composite number?
True
Is 15427 composite?
False
Is 64513 prime?
True
Is 208409 a prime number?
True
Is 1523 prime?
True
Is 73977 a composite number?
True
Is 2675191 a composite number?
False
Is 11383 composite?
False
Is 10174 prime?
False
Is 317587 a composite number?
False
Is 4867 a composite number?
True
Is 41533 composite?
True
Is 247067 composite?
False
Is 376843 composite?
True
Is 35897 a composite number?
False
Is 4133 a composite number?
False
Is 937 a composite number?
False
Is 37549 composite?
False
Is 22123 prime?
True
Is 6347 composite?
True
Is 751 composite?
False
Is 3587 a composite number?
True
Is 8621 prime?
False
Is 145751 a composite number?
True
Is 737251 prime?
True
Is 417089 composite?
False
Is 9014 composite?
True
Is 70639 a prime number?
True
Is 459247 a prime number?
False
Is 257 a prime number?
True
Is 9383 a prime number?
False
Is 82421 a composite number?
False
Is 64934 a composite number?
True
Is 58711 a composite number?
False
Is 821 a prime number?
True
Is 2245 prime?
False
Is 199259 prime?
False
Is 1052413 composite?
False
Is 140717 composite?
False
Is 122855 prime?
False
Is 148907 composite?
True
Is 10589 a composite number?
False
Is 47739 a prime number?
False
Is 655807 prime?
True
Is 1877669 prime?
True
Is 31811 composite?
True
Is 653459 a composite number?
True
Is 78259 a prime number?
True
Is 70783 a composite number?
False
Is 8329 prime?
True
Is 232741 a composite number?
False
Is 37799 composite?
False
Is 328531 a composite number?
True
Is 332967 a prime number?
False
Is 3662 prime?
False
Is 21913 prime?
False
Is 3715493 a prime number?
True
Is 813811 prime?
True
Is 25439 a composite number?
False
Is 99361 a composite number?
True
Is 39745 a prime number?
False
Is 279353 a composite number?
False
Is 249026 composite?
True
Is 479 a prime number?
True
Is 397 a prime number?
True
Is 422077 a prime number?
True
Is 421691 a composite number?
False
Is 1409 a prime number?
True
Is 173369 prime?
False
Is 877 composite?
False
Is 23185 composite?
True
Is 84031 a prime number?
False
Is 4245713 prime?
False
Is 1253 composite?
True
Is 631 prime?
True
Is 1262 composite?
True
Is 32837 prime?
False
Is 157873 a composite number?
True
Is 2497 a prime number?
False
Is 410129 a prime number?
False
Is 2767 a composite number?
False
Is 2609 prime?
True
Is 123 composite?
True
Is 88583 a composite number?
True
Is 2696951 a composite number?
True
Is 8653 composite?
True
Is 396239 prime?
True
Is 1969 a composite number?
True
Is 517127 a composite number?
True
Is 2503 a prime number?
True
Is 104417 prime?
True
Is 132247 a composite number?
False
Is 10589 composite?
False
Is 1133 a prime number?
False
Is 9391 prime?
True
Is 7369 a prime number?
True
Is 18899 a prime number?
True
Is 146239 composite?
False
Is 14107 a prime number?
True
Is 11399 composite?
False
Is 100411 prime?
True
Is 9803 composite?
False
Is 66611 a composite number?
True
Is 1950817 prime?
False
Is 53398 a prime number?
False
Is 155191 a composite number?
False
Is 17671 a composite number?
True
Is 9611 a prime number?
False
Is 1589269 prime?
False
Is 143783 prime?
False
Is 839933 prime?
False
Is 18583 a composite number?
False
Is 710485 prime?
False
Is 1201 a composite number?
False
Is 434963 a composite number?
False
Is 14635 prime?
False
Is 26327 a composite number?
True
Is 7421 a composite number?
True
Is 16703 a composite number?
False
Is 395 a prime number?
False
Is 298841 a composite number?
False
Is 1160459 prime?
True
Is 245339 prime?
True
Is 547999 prime?
True
Is 86309 a prime number?
False
Is 95651 a prime number?
True
Is 342331 a composite number?
True
Is 131581 a prime number?
True
Is 179 a prime number?
True
Is 72341 composite?
False
Is 22757 a composite number?
True
Is 205451 a composite number?
True
Is 295599 a composite number?
True
Is 23663 a composite number?
Fals